/14 is divided by 4.
2
Suppose 9 = 3*l - 90. Calculate the remainder when l is divided by 12.
9
Let d(r) = 2*r**2 + 2*r + 1. Suppose -w + 6*w + 30 = 0. Calculate the remainder when d(-2) is divided by (-8)/(-6) - 4/w.
1
Suppose 2*x + 3*q - 26 = 0, q + 15 = 2*x + 5. Let b = x - -18. Suppose -5 = 2*y - 23. Calculate the remainder when b is divided by y.
7
Suppose -56 = r - 5*r. Suppose -3*d + 87 = -54. Calculate the remainder when (d - -5) + (-2)/(-2) is divided by r.
11
Let m be 12/(1/1)*1. Suppose -m = 5*d - 37. Calculate the remainder when 13 is divided by d.
3
Suppose -120*f + 118*f + 14 = 0. What is the remainder when 11 is divided by f?
4
Suppose 3*q - 24 + 6 = 0. Suppose -10 = 4*r - 5*r. Calculate the remainder when r is divided by q.
4
Let d(r) = -r**2 - 3*r + 5. Let o be d(-4). Let c be -4 + 3 - (o + -8). What is the remainder when c/4 - (-316)/8 is divided by 14?
13
Suppose 2*l + w = 41, -2 = l + 3*w - 10. Let a = 42 - l. What is the remainder when a is divided by 7?
5
Let d = -4 - -7. Suppose 0 = d*f - 8 - 7. Calculate the remainder when 1*-26*5/(-10) is divided by f.
3
Let a(q) = 9*q - 5. Let z = -27 - -65. What is the remainder when z is divided by a(2)?
12
Let g be ((-9)/6)/(6/(-8)). Suppose -g*w - d + 78 = 0, -5*d - 39 = -2*w + 51. Let v = w + -3. What is the remainder when v is divided by 13?
11
Let d(x) = x**3 - 28*x**2 + 3*x - 59. Let t = -31 + 45. What is the remainder when d(28) is divided by t?
11
Let k = -40 + 29. Let p = 0 - k. Suppose -4*g - d + p = 0, -2*g + d + 13 = -0*d. What is the remainder when g is divided by 2?
0
Suppose -4*h = 4*k - 0*h - 44, 5*k - 5*h - 5 = 0. Let g be (1 + 1)/2*-2. Let r = g + 4. What is the remainder when k is divided by r?
0
Let d(f) = -f + 6. Suppose -u - 2 = 4. Calculate the remainder when (153/6)/((-3)/(-4)) is divided by d(u).
10
Let m be 2*(-46)/4 + 1. Let r = m + 35. Calculate the remainder when r is divided by (-15)/(-2)*2/3.
3
Suppose -2*t + 2*s + 0*s + 70 = 0, 0 = -2*s - 2. Suppose 3*n = -5*l + 16, -2*n + 2*l - 3*l = -20. Calculate the remainder when t is divided by n.
10
Let n(m) be the first derivative of 0*m + m - m + 3 + 2*m**2. What is the remainder when 14 is divided by n(2)?
6
Suppose 60 = 5*y - 6*f + f, 54 = 5*y + f. Calculate the remainder when 65 is divided by y.
10
Let a(b) = b**2 + b + 26. Calculate the remainder when a(0) is divided by 14.
12
Let k be 43/3 + 3/(-9). Let l = k - 6. What is the remainder when 98/l + 6/(-24) is divided by 7?
5
What is the remainder when 36 is divided by 12 + 18/(-12)*4/(-3)?
8
Let z(g) = -9*g + 2. Let u be z(-2). Suppose -u = 5*q - 0*q. Let i = 4 - q. Calculate the remainder when 14 is divided by i.
6
Let k be (0 - -2)*-1 + -2. Let a be 1 - 1 - k - 0. Suppose a*j - 86 = 2*j. Calculate the remainder when j is divided by 15.
13
Suppose -11 - 11 = -k. Let c = 41 - k. Calculate the remainder when c is divided by 11.
8
Suppose 3*b - 11 = 1. Suppose -b = -4*p, 2*p + 2*p = -3*y + 115. Calculate the remainder when y is divided by 13.
11
Calculate the remainder when (-4 - -7) + 0 - -1 is divided by 3.
1
Suppose 0 = 3*w - 452 + 14. Suppose -h - 4*i = 3*h - 168, -3*h = -i - w. Calculate the remainder when h is divided by 16.
15
Let c(t) = 2*t - 22. Calculate the remainder when 21 is divided by c(15).
5
Let u be (-2)/((-6)/(-3))*0. Suppose -2*i - 4*x + 154 = 0, 5*i - 5*x - 96 - 274 = u. Calculate the remainder when i is divided by 19.
18
Suppose -3*a = -0*a. Suppose a = r + 2 - 4. What is the remainder when 1/(-2)*6*-1 is divided by r?
1
Let b = 3 - 2. Suppose -3*n - 5*r + 8 = n, -n - 2*r - b = 0. Suppose z + 3*y = 9, -z - z = 3*y - 21. What is the remainder when z is divided by n?
5
Suppose -7*h = -3*h. Suppose 5*l + 8 = j, -4 = 4*l - h*l. Let f = 16 - 7. What is the remainder when f is divided by j?
0
Let p = 231 - 161. Suppose 2*c = 4*c - p. What is the remainder when c is divided by 12?
11
Let v(i) = i**3 + 5*i**2 - 6*i - 6. Let g be v(-4). Suppose 0 = 2*b - 4*b + 4*x + g, 5*b - 53 = 2*x. What is the remainder when b is divided by 6?
3
Suppose 2 - 32 = -k. Suppose -2*d - 2*d = -5*z + k, 5*d = -z + 6. Calculate the remainder when 2 - -1*9*1 is divided by z.
5
What is the remainder when 226 is divided by (-6)/4 + 0 + (-380)/(-8)?
42
Let c(r) = 3*r**2 - 3*r - 4. Let h(m) = m + m**2 + 1 + 2*m + 0*m**2 - 2*m**2. Let f be h(2). Calculate the remainder when c(f) is divided by 5.
4
Suppose 0 = 2*c + 3*c - 2*t - 155, -4*c + 4*t + 136 = 0. Let k = c - 8. Calculate the remainder when k is divided by -1 + (2/(-1) - -14).
10
Suppose 2*h - 6*h = 4*n - 184, -h - 212 = -5*n. What is the remainder when n is divided by 2 + 14/4*2?
7
Let d be 1 + 0/(-3) - -2. Suppose 2*b - 36 = n, -1 = n - d. Calculate the remainder when 56 is divided by b.
18
Suppose -4*f = -2*f + p - 24, 0 = -3*f - 4*p + 41. Calculate the remainder when (-82)/(-4)*(-1 - -3) is divided by f.
8
Suppose 25 = -5*i, i - 2 = 2*s - 17. Suppose 5*w - 4*k = 70, 0 = -2*w - s*k - 8 + 3. What is the remainder when (w - -1)*(0 - -1) is divided by 6?
5
Let i(x) = -15*x - 1. Suppose 0 = 2*h - 0 - 4. Suppose -3*t = -3*c + 78, 0 = -4*c - h*t + 59 + 45. Calculate the remainder when c is divided by i(-1).
12
Let c(l) = l - 5*l + 2*l - 10. Calculate the remainder when 18 is divided by c(-10).
8
Suppose -5*j + 32 = -3. Let d = -2 + 6. Calculate the remainder when j is divided by d.
3
Let k(v) = -v**2 - 7*v + 7. Let p(q) = -12*q**2 - 2*q + 4. Let b be p(-4). Calculate the remainder when (-4 - 1)*b/25 is divided by k(-6).
10
Let n = -1 - -2. Suppose 3*d = h - 0*h + 24, 3*h + 40 = 5*d. What is the remainder when (3 + n + 26)/2 is divided by d?
7
Suppose -4*f - 1 = -41. Calculate the remainder when f is divided by 36/10 - (-4)/10.
2
Let k(i) = 5*i**2 + 2. Let d be k(-2). Suppose 4*p = 3*m - d, -m - 3*p = 2*p - 20. Calculate the remainder when m is divided by (2/(-4))/((-1)/12).
4
Let b(q) = -q + 15. Let c = 0 + 6. What is the remainder when c is divided by b(13)?
0
Let n(j) = -j**2 + 3*j + 7. Let b be n(5). Calculate the remainder when (-9)/(3 + -6) - -59 is divided by 2/b*(-315)/10.
20
Suppose -2*h + 102 = -2*x, 3*h + 2*x - 188 = -50. Calculate the remainder when 187 is divided by h.
43
Suppose 4*k - 355 = 5*o, o = 5*k + 2*o - 451. Calculate the remainder when k is divided by 23.
21
Suppose z - 30 = -3*z - 2*w, -3*z = -w - 25. Calculate the remainder when 22 is divided by z.
6
Let i(o) = -10*o - 3. Suppose -2*w + 2*t = 7*t - 93, -w + 45 = 4*t. What is the remainder when w is divided by i(-2)?
15
Let h(p) = 8*p - 1. Suppose -5*c + 15 = -x, -x = -c - 3*x + 3. Calculate the remainder when -1 + (0 + -1)*-68 is divided by h(c).
21
Let o(p) = 4*p**2 + 4*p + 2. What is the remainder when o(-3) is divided by 7?
5
Let k(a) = 4*a - 13. Suppose t - 84 = -2*h, h + 3*t = -t + 56. Calculate the remainder when k(8) is divided by ((-6)/(-4))/(6/h).
9
Suppose 18 = 2*u - 0. Calculate the remainder when ((-87)/6 + 2)*-2 is divided by u.
7
Suppose -4*k + 65 + 17 = 5*v, -3*k = 2*v - 58. Suppose 3*m = 96 - k. Suppose -q - 3*w + 19 = -w, -2*w - m = -4*q. What is the remainder when 25 is divided by q?
7
Let a(g) = -4*g - 105. Calculate the remainder when a(-27) is divided by 1.
0
Let u(s) = s**3 + 7*s**2 + 8*s - 1. What is the remainder when 48 is divided by u(-5)?
3
Suppose 3*o - 5*j = -0*o + 42, 2*j = 0. Calculate the remainder when 41 - 0 - 0/4 is divided by o.
13
Suppose 5*k + 0*o = o + 71, k - 10 = -4*o. What is the remainder when 66 is divided by k?
10
Let b be ((-5)/((-5)/2))/1. Suppose 0 = -h - b*l + 45, 181 = 2*h + 3*h - l. Suppose -15 = -x - 2. What is the remainder when h is divided by x?
11
Suppose -4*p + 0 + 20 = 0. Let o(l) = 3*l - 4 + 0 + 2*l**2 + 3. What is the remainder when o(2) is divided by p?
3
Suppose -3*f + 8*f = 185. What is the remainder when f is divided by 10?
7
Suppose 0 = -4*z + 12 - 32. Let s(g) = g**2 + 14. What is the remainder when s(0) is divided by 140/(-21)*6/z?
6
Let v be (-1)/(-5) - 27/(-15). Suppose c = v*c - 44. Calculate the remainder when c is divided by 15.
14
Let x(s) = 3*s**3 - 3*s + 3. What is the remainder when 0 - (-39 + -1 - 0) is divided by x(2)?
19
Suppose -4*p + 0*p = -32. Suppose -590 = -p*v + 3*v. What is the remainder when v is divided by 30?
28
Let p(x) = 6*x + 5. Let b = 23 - 18. Let 